. Suppose 0 = 4*f - 2*z - 112, z + 61 = 4*f - 55. What is the greatest common factor of f and j?
10
Suppose 3*n = -0*n + 15. Suppose -5*v = -n*r + 10, -3*r + 7 = -v - 3*v. Calculate the greatest common factor of 9 and r.
1
Let f(j) = 149*j - 3. Let b be f(2). Let s = -204 + b. Calculate the greatest common factor of 13 and s.
13
Let b be 5 - (-67 + -3) - 2/(-1). What is the highest common factor of b and 11?
11
Let h be -5 + 12 - 0/1. Let x(c) = -13*c**3 + 2. Let t be x(-2). Let l = 155 - t. What is the greatest common factor of l and h?
7
Suppose 0 = -5*m + 6 + 4. Suppose -m*q + 144 = q. Calculate the greatest common divisor of q and 12.
12
Let i = -3 - -12. Calculate the greatest common divisor of 1 and i.
1
Let t = -4 + 6. Let l be (5/10)/(1/4). Let c be (-3 + l)/(1 - 2). What is the highest common divisor of t and c?
1
Let r be (-40)/6*7/(-70)*12. Let b(k) = 2*k**3 - 2*k**2 - 3*k - 3. Let p be b(3). Calculate the highest common divisor of p and r.
8
Let h be ((-3)/3)/((4 + 0)/(-168)). What is the greatest common divisor of h and 14?
14
Suppose -3*n + 28 = 5*t, 19 = -n + 2*t + 2*t. What is the highest common factor of n and 4?
1
Let o = -1 + 6. Suppose 0 = 4*m + m + 15, -t + o = -m. Calculate the highest common factor of 16 and t.
2
Suppose 2*y = 7*y - 115. Suppose 4*b - 5*w - 14 - 15 = 0, 4*w = -b + y. Suppose 0 = -2*a + a + 22. What is the highest common factor of a and b?
11
Suppose -5*s = -2*s - 2*v - 40, 5*s - 5*v = 65. Let p be (-61)/(-7) - (-4)/s. What is the greatest common factor of 27 and p?
9
Let s = -1 + 4. Suppose 2*p - 48 = -4*y, 4*y + 8*p - s*p - 54 = 0. Let h = 351 - 230. What is the greatest common factor of y and h?
11
Let k be 3/(-3)*-29 + -2. Calculate the greatest common divisor of 3 and k.
3
Let v(a) = a**3 + 11*a**2 + 10*a + 5. Let r be v(-9). Calculate the highest common divisor of 11 and r.
11
Let p be 1/(((-1)/1)/(-4)). Let z = -13 - -16. Suppose 2*g - 8 = 4*j, -3*g - 3*j - z = -15. Calculate the greatest common factor of g and p.
4
Let s = -4 + 16. What is the highest common divisor of s and 6?
6
Suppose -3*d + 7*p + 75 = 2*p, -4*d + 2*p + 114 = 0. Calculate the highest common factor of 15 and d.
15
Let z = 25 - 19. What is the greatest common divisor of z and 42?
6
Suppose -4*z = 4*a - 20, 3*z + 2*z = 15. Let b be a/1 - 65*-2. What is the highest common factor of 33 and b?
33
Suppose -t - 3*p = -16, -5*t - 3*p + 4*p + 16 = 0. Suppose t*f = -0*f + 48. What is the highest common divisor of f and 6?
6
Suppose 0 = 3*q + 11 + 13. Let z = q - -23. What is the highest common divisor of 10 and z?
5
Suppose 5*b + 5*k - 36 - 114 = 0, -b + 3*k = -22. What is the highest common factor of 42 and b?
14
Let u(c) = -c**2 - 15*c - 4. Let p be u(-13). Calculate the greatest common factor of 286 and p.
22
Let m(u) = 16*u. Let h be m(6). Let k be (-30)/4*h/(-10). Let a(t) = t. Let d be a(9). Calculate the highest common divisor of k and d.
9
Let s be ((-4)/8)/(3/66). Let x(u) = u**3 + 12*u**2 + 11*u + 15. Let a be x(s). What is the highest common divisor of 10 and a?
5
Suppose 0 = 4*b + 3*i + 128, -5*b + i - 109 = -2*b. Let p = 21 + b. Let q be (-1194)/p - (-10)/(-35). Calculate the highest common factor of 17 and q.
17
Let a = -19 + 24. Suppose 4*l - 58 - 29 = -3*w, a*l - w = 123. What is the highest common factor of 3 and l?
3
Let s be -3 - (-72 + 5 + -1). What is the highest common divisor of s and 13?
13
Let n be ((-136)/(-20))/((-3)/(-15)). Calculate the highest common factor of n and 238.
34
Let s(o) be the third derivative of 0*o + 1/2*o**5 - 1/24*o**4 - 1/6*o**3 + 3*o**2 + 0. Let p be s(-1). Calculate the highest common factor of p and 10.
10
Let x = 452 - 263. Calculate the highest common divisor of 27 and x.
27
Suppose 2*m = 3*m. Let y = -10 - m. Let c be ((-5)/y)/((-1)/(-130)). What is the highest common factor of 26 and c?
13
Let c be (-4 + 1)/(9/(-42)). Suppose -5*q - 4 = -c. Calculate the greatest common factor of q and 12.
2
Suppose 4*s = 72 + 8. Let m be (-5)/1*(-304)/s. What is the highest common factor of 19 and m?
19
Suppose -h = -3*h. Suppose 0 = -h*o - 3*o + 30. What is the greatest common factor of o and 10?
10
Let a = -613 + 676. Let p = 0 + 7. Calculate the highest common divisor of p and a.
7
Suppose -5*z + 6*d - d = -40, 0 = 5*d + 10. Suppose -4*m + 7 = 23. Let v be ((-2)/m)/(2/24). What is the greatest common divisor of z and v?
6
Let g(f) = f + 19. Let c be (1 - 2 - -1)/1. Let b be g(c). Let u = b - 11. Calculate the highest common factor of 20 and u.
4
Suppose 3*r - r = 32. Suppose 11 = -p + 51. Calculate the greatest common factor of p and r.
8
Suppose -z + 39 = -4*l, -5*l + 24 = -2*z + 111. Let c = z + -36. Suppose 2*y - 55 + c = 0. What is the greatest common factor of 20 and y?
20
Suppose -j = -8 + 53. Let c be j/(-6)*(-4)/(-5). Let f(m) = m**2 - m + 6. Let o be f(c). What is the greatest common factor of 9 and o?
9
Suppose 4*h = 9 + 3. Suppose -h*k = 2*a - 15 - 7, -a + 21 = 4*k. What is the highest common factor of 2 and k?
2
Let j = 30 - 29. Calculate the highest common factor of 5 and j.
1
Suppose 0*i = -2*i + 4. Suppose 2*h = -0*h - i*b + 30, -b + 3 = 0. Let l be 3/(22/8 - 2). What is the greatest common divisor of h and l?
4
Suppose -r - 3*a + 36 = 0, r - 3*a - 37 = 5. What is the greatest common divisor of 117 and r?
39
Let j = -25 + 109. Suppose 0 = 2*x - j - 12. Calculate the greatest common factor of x and 6.
6
Let f be 18/(-3)*(-1)/2. Suppose -5*h = -t + 46, 3*t + h + 58 = 4*t. Let n = t + -34. Calculate the greatest common factor of n and f.
3
Let n(m) = m + 1. Let l be n(8). Calculate the greatest common factor of 1 and l.
1
Let k(b) = b**2 - 4*b. Let v be k(7). Let j = v + -8. Calculate the greatest common factor of 13 and j.
13
Let r(w) = w**2 + 1. Let n be r(-3). Let i = n + -4. Let f = 1 - 0. Calculate the highest common factor of f and i.
1
Suppose -6*l + 31 = -3*l - j, -j - 4 = 0. Calculate the greatest common divisor of 27 and l.
9
Let g be 4*1/(1 - -1). Let u be (-64)/g*2/(-4). Suppose -3*p + 12 = -36. What is the greatest common divisor of p and u?
16
Let d(q) = -4*q**2 + 3*q + 2. Let b be d(-2). Let f = -13 - b. What is the highest common divisor of 7 and f?
7
Let g be ((-28)/(-3))/((-1)/(-3)). Suppose 0 = -2*s - g + 70. What is the greatest common divisor of s and 14?
7
Let n = -17 + 29. Let z(p) = -p - 2. Let j be z(-8). Let i = n - j. Calculate the greatest common divisor of 42 and i.
6
Let j = 14 + -14. Suppose 5*w + j*w = 70. Calculate the highest common divisor of w and 7.
7
Let g be ((-3)/(-2))/((-13)/(-78)). Let b be (-650)/(-8) - (-1)/(-4). What is the highest common factor of b and g?
9
Let h(i) = -i**2 + 9*i - 5. Suppose 7 = 3*k - 8. Let v be h(k). Calculate the greatest common factor of v and 15.
15
Let n be 8/36 - 644/(-18). Calculate the highest common factor of n and 288.
36
Let m be 14/14*(-1 + 13). Suppose -7*i = -6*i - m. Calculate the highest common factor of 12 and i.
12
Let y(d) = -d**2 - 7*d + 1. Let s be y(-4). Suppose 4*v + 6 = -2, 0 = -4*z - 4*v + 564. Calculate the greatest common divisor of z and s.
13
Suppose 20 = 5*p - p. Suppose -p*c - 61 = -2*h, h - c + 0*c - 29 = 0. Calculate the highest common divisor of h and 14.
14
Let y(n) = 31*n**3 - n**2 + n - 1. Suppose 0 = 4*x - x - 2*u - 1, 5*x + 2*u = 7. Let j be y(x). Calculate the highest common divisor of 75 and j.
15
Let y(j) = -1. Let f(n) = n + 6. Let h(r) = -f(r) + 2*y(r). Let w be h(-7). Let o be w/(2 - 1)*-17. What is the greatest common factor of 34 and o?
17
Suppose 3*b + 5*u + 115 = 8*b, -4*u + 88 = 5*b. What is the greatest common divisor of b and 4?
4
Let g(u) = -u**3 - 19*u**2 + 17*u - 15. Let m be g(-20). What is the highest common divisor of 15 and m?
15
Let y = -5 - -17. Calculate the greatest common factor of 12 and y.
12
Suppose 0*b + 3*b = 0. Suppose -m = -b*m - 11. What is the greatest common factor of 88 and m?
11
Let h(t) = t**2 - t + 2. Let c be h(2). Suppose c*o = 43 + 13. Suppose -3*m + 1232 = 8*m. What is the highest common factor of o and m?
14
Let b be (-3*1)/(3/(-3)). Suppose -b*i = -i. Suppose i = 5*q - 551 + 126. Calculate the greatest common factor of q and 34.
17
Suppose 726 = -10*p + 12*p. Calculate the highest common factor of p and 33.
33
Suppose 82 - 26 = 4*t. 